 the prime factors of 692112454?
2, 11, 37, 850261
What are the prime factors of 1127295840?
2, 3, 5, 11, 17, 19, 661
List the prime factors of 103983953.
619, 167987
List the prime factors of 1799128224.
2, 3, 17, 367469
What are the prime factors of 224967794?
2, 112483897
What are the prime factors of 456544337?
467, 977611
What are the prime factors of 45386119?
45386119
What are the prime factors of 62694146?
2, 47, 666959
List the prime factors of 993121143.
3, 7, 313, 151091
List the prime factors of 545035478.
2, 13, 241, 6691
List the prime factors of 642948259.
642948259
List the prime factors of 48588061.
48588061
List the prime factors of 212322641.
41, 47, 110183
List the prime factors of 1033583568.
2, 3, 23, 367, 2551
What are the prime factors of 36958022?
2, 18479011
What are the prime factors of 57436234?
2, 17, 367, 4603
List the prime factors of 48996076.
2, 12249019
List the prime factors of 241694130.
2, 3, 5, 569, 14159
List the prime factors of 1048306136.
2, 3797, 34511
What are the prime factors of 113757067?
113757067
What are the prime factors of 510352768?
2, 19, 173, 1213
List the prime factors of 367947135.
3, 5, 691, 11833
What are the prime factors of 2504291326?
2, 1252145663
What are the prime factors of 160554903?
3, 53518301
List the prime factors of 273547461.
3, 11, 149, 55633
List the prime factors of 4609738.
2, 7, 329267
What are the prime factors of 8100991371?
3, 11, 433, 566939
What are the prime factors of 65931214?
2, 1483, 22229
What are the prime factors of 47797574?
2, 11, 17, 227, 563
List the prime factors of 277215796.
2, 11, 13, 484643
What are the prime factors of 208349221?
61, 373, 9157
What are the prime factors of 103207768?
2, 199, 241, 269
What are the prime factors of 1656995974?
2, 337, 2458451
List the prime factors of 12801792.
2, 3, 79, 211
What are the prime factors of 1473705162?
2, 3, 81872509
List the prime factors of 410887980.
2, 3, 5, 2282711
What are the prime factors of 2057713708?
2, 37, 13903471
List the prime factors of 2759660708.
2, 7, 43, 173, 13249
List the prime factors of 4523451.
3, 103, 14639
What are the prime factors of 435378840?
2, 3, 5, 13, 17, 16417
What are the prime factors of 28764824?
2, 11, 326873
List the prime factors of 21548352.
2, 3, 7, 16033
List the prime factors of 68076594.
2, 3, 1511, 2503
What are the prime factors of 1130431491?
3, 7, 101, 59219
What are the prime factors of 19110903?
3, 7, 19, 211, 227
What are the prime factors of 39084446?
2, 19542223
What are the prime factors of 2855573598?
2, 3, 18691, 25463
List the prime factors of 2127063719.
11, 17579039
List the prime factors of 309836197.
11, 23, 271, 4519
List the prime factors of 1385119438.
2, 17, 83, 490829
What are the prime factors of 126608995?
5, 25321799
What are the prime factors of 763941793?
763941793
What are the prime factors of 280993508?
2, 19, 797, 4639
List the prime factors of 121139207.
7, 977, 17713
What are the prime factors of 35823984?
2, 3, 7, 106619
List the prime factors of 2447158462.
2, 7, 23, 7599871
List the prime factors of 357407497.
357407497
What are the prime factors of 31135401?
3, 11, 79, 1327
List the prime factors of 132013014.
2, 3, 7, 3143167
List the prime factors of 998884391.
998884391
What are the prime factors of 61573228?
2, 109, 141223
What are the prime factors of 17845855?
5, 61, 58511
List the prime factors of 2396168800.
2, 5, 109, 27479
List the prime factors of 996934977.
3, 23, 59, 81629
What are the prime factors of 120383331?
3, 40127777
List the prime factors of 1457775948.
2, 3, 8231, 14759
What are the prime factors of 6360649608?
2, 3, 19, 79, 9293
List the prime factors of 4875252906.
2, 3, 229, 3548219
What are the prime factors of 27508705?
5, 7, 785963
What are the prime factors of 3400743001?
37, 91911973
What are the prime factors of 37228225?
5, 1489129
List the prime factors of 5206543984.
2, 325408999
List the prime factors of 87436922.
2, 43718461
List the prime factors of 1450745162.
2, 107, 6779183
List the prime factors of 982203534.
2, 3, 13, 617, 6803
List the prime factors of 109897598.
2, 6197, 8867
What are the prime factors of 5730819?
3, 17, 37, 3037
What are the prime factors of 231799686?
2, 3, 38633281
List the prime factors of 1356393888.
2, 3, 19, 247879
List the prime factors of 295236466.
2, 7, 467, 6451
What are the prime factors of 552818115?
3, 5, 223, 6121
List the prime factors of 334888191.
3, 11, 181, 1699
What are the prime factors of 1274089493?
61, 20886713
What are the prime factors of 1933922858?
2, 7, 1499, 92153
What are the prime factors of 1809211572?
2, 3, 7, 2393137
List the prime factors of 340162423.
37, 443, 20753
List the prime factors of 422453770.
2, 5, 271, 155887
List the prime factors of 4287243617.
17, 53, 113, 2477
What are the prime factors of 33096374?
2, 16548187
List the prime factors of 332075469.
3, 11, 2467, 4079
What are the prime factors of 205266896?
2, 12829181
List the prime factors of 2767559076.
2, 3, 19, 277, 541
List the prime factors of 86911806.
2, 3, 97, 149333
What are the prime factors of 250755513?
3, 83585171
What are the prime factors of 856562139?
3, 1129, 84299
List the prime factors of 5440989.
3, 743, 2441
What are the prime factors of 412645804?
2, 4931, 20921
What are the prime factors of 186667887?
3, 7, 8888947
What are the prime factors of 61217738?
2, 30608869
What are the prime factors of 375432248?
2, 19, 449, 5501
What are the prime factors of 8661701622?
2, 3, 7, 101, 2041891
List the prime factors of 79609920.
2, 3, 5, 13, 6379
What are the prime factors of 2344710993?
3, 41, 19062691
What are the prime factors of 579431288?
2, 72428911
List the prime factors of 5339690593.
19, 43, 181, 36109
List the prime factors of 1594158206.
2, 1097, 726599
What are the prime factors of 189982613?
151, 1258163
What are the prime factors of 396081890?
2, 5, 67, 139, 4253
What are the prime factors of 32863561?
229, 143509
What are the prime factors of 290558093?
7, 127, 46691
List the prime factors of 637536886.
2, 7, 31, 73, 20123
What are the prime factors of 3269396?
2, 13, 62873
List the prime factors of 31320921.
3, 131, 79697
What are the prime factors of 2473160266?
2, 131, 9439543
What are the prime factors of 31553248?
2, 67, 14717
What are the prime factors of 881642867?
7, 125948981
List the prime factors of 2410436522.
2, 13, 7131469
List the prime factors of 68711013.
3, 7, 107, 10193
List the prime factors of 65894294.
2, 32947147
What are the prime factors of 108895820?
2, 5, 11, 137, 3613
List the prime factors of 511592329.
83, 887, 6949
What are the prime factors of 8609384?
2, 7, 153739
List the prime factors of 4263826623.
3, 7, 203039363
What are the prime factors of 2242376868?
2, 3, 173, 1080143
What are the prime factors of 821883797?
7, 117411971
List the prime factors of 29827673.
17, 31, 56599
List the prime factors of 1583441041.
7, 13, 17400451
What are the prime factors of 280510259?
1039, 269981
List the prime factors of 1732013679.
3, 11, 31, 1693073
What are the prime factors of 852085177?
131, 6504467
What are the prime factors of 825961421?
727, 1136123
List the prime factors of 108302622.
2, 3, 19, 950023
List the prime factors of 725665235.
5, 3259, 44533
List the prime factors of 4545048913.
1489, 3052417
List the prime factors of 118584009.
3, 83, 158747
What are the prime factors of 147308151?
3, 83, 591599
List the prime factors of 29162778.
2, 3, 4860463
List the prime factors of 32556441.
3, 101, 139, 773
What are the prime factors of 88606176?
2, 3, 17, 54293
List the prime factors of 23007339.
3, 1151, 2221
List the prime factors of 267940185.
3, 5, 19, 47, 83, 241
List the prime factors of 84665603.
11, 7696873
What are the prime factors of 77450121?
3, 7, 31, 13219
List the prime factors of 1553393387.
7, 13, 17070257
What are the prime factors of 58481053?
37, 83, 137, 139
What are the prime factors of 156514035?
3, 5, 53, 196873
What are the prime factors of 207047202?
2, 3, 31, 1113157
What are the prime factors of 799993331?
59, 113, 119993
List the prime factors of 116118404.
2, 43, 691, 977
What are the prime factors of 589881984?
2, 3, 727, 2113
What are the prime factors of 